 24420 a multiple of 11?
True
Is 51 a factor of 320435?
False
Does 31 divide 134385?
True
Does 227 divide 1009923?
True
Does 15 divide 58901?
False
Does 17 divide 25058?
True
Is 133 a factor of 6015457?
True
Is 656843 a multiple of 211?
True
Is 218900 a multiple of 20?
True
Does 416 divide 1130997?
False
Is 229 a factor of 160300?
True
Is 205 a factor of 5220120?
True
Does 15 divide 206895?
True
Is 4 a factor of 1957362?
False
Is 404530 a multiple of 7?
True
Does 136 divide 1376184?
True
Does 11 divide 72461?
False
Does 244 divide 7808?
True
Is 5202362 a multiple of 29?
False
Is 18 a factor of 776287?
False
Is 82 a factor of 548498?
True
Does 234 divide 3989466?
True
Is 349619 a multiple of 19?
True
Is 6984 a multiple of 18?
True
Does 12 divide 2879796?
True
Does 14 divide 370327?
False
Does 5 divide 464382?
False
Is 96860 a multiple of 5?
True
Is 2367729 a multiple of 440?
False
Is 2 a factor of 508370?
True
Is 65 a factor of 8806070?
True
Does 16 divide 1964433?
False
Is 2653677 a multiple of 117?
True
Is 11373333 a multiple of 1509?
True
Does 62 divide 21400487?
False
Does 15 divide 89092?
False
Is 5 a factor of 143815?
True
Is 872 a factor of 9708414?
False
Is 20 a factor of 18305320?
True
Is 20474 a multiple of 29?
True
Is 154174 a multiple of 291?
False
Is 1064 a factor of 2784488?
True
Is 1851225 a multiple of 116?
False
Does 48 divide 180212?
False
Is 384 a factor of 1725312?
True
Is 142 a factor of 86052?
True
Is 10335892 a multiple of 14?
True
Does 99 divide 80784?
True
Is 8 a factor of 307198?
False
Is 190485 a multiple of 5?
True
Is 607 a factor of 5942530?
True
Does 61 divide 2707546?
True
Is 26 a factor of 42940?
False
Is 596 a factor of 4143392?
True
Is 49351 a multiple of 18?
False
Is 10982208 a multiple of 56?
False
Does 10 divide 8720217?
False
Is 60106 a multiple of 127?
False
Is 37 a factor of 554847?
False
Is 47 a factor of 566315?
False
Is 9 a factor of 280946?
False
Is 953876 a multiple of 308?
True
Is 473 a factor of 603548?
True
Is 77 a factor of 65633?
False
Is 220020 a multiple of 95?
True
Does 55 divide 1425600?
True
Is 234 a factor of 706269?
False
Does 419 divide 4762844?
False
Is 24 a factor of 459252?
False
Does 397 divide 332289?
True
Is 72 a factor of 285885?
False
Is 6715380 a multiple of 25?
False
Is 57 a factor of 190950?
True
Is 117 a factor of 68328?
True
Is 482 a factor of 824124?
False
Does 123 divide 12485?
False
Does 6 divide 4320118?
False
Is 14 a factor of 191933?
False
Does 136 divide 36992?
True
Does 32 divide 2066656?
True
Is 270 a factor of 219466?
False
Does 37 divide 2030264?
True
Is 26486910 a multiple of 15?
True
Is 17941 a multiple of 8?
False
Is 62 a factor of 2553842?
True
Is 494645 a multiple of 11?
False
Is 14 a factor of 4443009?
False
Is 512923 a multiple of 160?
False
Is 221367 a multiple of 3?
True
Is 655 a factor of 9586?
False
Is 167 a factor of 2495982?
True
Is 375 a factor of 361875?
True
Is 233 a factor of 2563?
True
Is 6980406 a multiple of 6?
True
Is 42 a factor of 1321523?
False
Is 6 a factor of 557059?
False
Does 4 divide 106652?
True
Does 608 divide 297312?
True
Is 163450 a multiple of 50?
True
Is 2 a factor of 8654?
True
Is 85 a factor of 71996?
False
Is 36102 a multiple of 33?
True
Is 62967 a multiple of 151?
True
Is 49 a factor of 45668?
True
Is 55323 a multiple of 67?
False
Is 23 a factor of 2833358?
False
Is 119646 a multiple of 138?
True
Does 325 divide 1519700?
True
Is 258944 a multiple of 16?
True
Is 15 a factor of 433440?
True
Is 8633619 a multiple of 68?
False
Is 250046 a multiple of 378?
False
Is 30 a factor of 27074921?
False
Is 1152050 a multiple of 408?
False
Does 33 divide 1101807?
False
Is 5149294 a multiple of 7?
False
Is 122 a factor of 594959?
False
Does 442 divide 2787252?
True
Is 130 a factor of 740870?
True
Does 571 divide 4172244?
False
Does 5 divide 529866?
False
Is 878370 a multiple of 30?
True
Is 1332000 a multiple of 888?
True
Does 70 divide 23450?
True
Is 31717 a multiple of 161?
True
Is 26557741 a multiple of 12?
False
Does 19 divide 160664?
True
Does 51 divide 307816?
False
Is 638 a factor of 659388?
False
Is 10 a factor of 32460390?
True
Is 980592 a multiple of 659?
True
Is 3927736 a multiple of 660?
False
Does 63 divide 500077?
False
Is 11 a factor of 44830?
False
Is 23 a factor of 11125744?
True
Does 9 divide 562986?
True
Does 14 divide 215806?
False
Is 7 a factor of 66711?
False
Is 17660 a multiple of 13?
False
Is 111 a factor of 1105688?
False
Is 19328 a multiple of 18?
False
Is 393 a factor of 815082?
True
Is 6831449 a multiple of 66?
False
Is 203753 a multiple of 442?
False
Is 70545 a multiple of 31?
False
Is 97888 a multiple of 532?
True
Is 11938878 a multiple of 1197?
True
Does 171 divide 4744447?
False
Is 153 a factor of 100980?
True
Is 2825825 a multiple of 219?
False
Does 58 divide 199797?
False
Is 3645500 a multiple of 1585?
True
Is 296003 a multiple of 53?
False
Does 15 divide 13617795?
True
Is 22 a factor of 139304?
True
Is 58 a factor of 4081982?
True
Is 16317 a multiple of 2?
False
Is 5 a factor of 227100?
True
Is 252 a factor of 110376?
True
Is 404 a factor of 1052016?
True
Is 154 a factor of 23360?
False
Is 774603 a multiple of 131?
True
Is 58 a factor of 244760?
True
Does 9 divide 121797?
True
Is 18 a factor of 669051?
False
Is 587136 a multiple of 384?
True
Is 2 a factor of 3607875?
False
Does 46 divide 194815?
False
Is 6 a factor of 2684913?
False
Is 388176 a multiple of 16?
True
Is 1182788 a multiple of 394?
True
Does 15 divide 62700?
True
Is 132540 a multiple of 12?
True
Does 33 divide 26793?
False
Does 11 divide 256322?
True
Is 1333955 a multiple of 295?
False
Is 173 a factor of 153278?
True
Is 2939640 a multiple of 60?
True
Does 24 divide 41688?
True
Is 39 a factor of 3283990?
False
Is 120 a factor of 98760?
True
Is 6 a factor of 142567?
False
Is 87 a factor of 116498?
False
Is 77093 a multiple of 114?
False
Does 37 divide 44861?
False
